he prime factors of 937.
937
List the prime factors of 25929.
3, 43, 67
List the prime factors of 50039.
11, 4549
List the prime factors of 686.
2, 7
What are the prime factors of 1744?
2, 109
What are the prime factors of 41057?
41057
List the prime factors of 19233.
3, 2137
What are the prime factors of 8625?
3, 5, 23
What are the prime factors of 30603?
3, 101
List the prime factors of 3464.
2, 433
List the prime factors of 1741.
1741
List the prime factors of 1839.
3, 613
What are the prime factors of 2731?
2731
List the prime factors of 5922.
2, 3, 7, 47
List the prime factors of 552.
2, 3, 23
What are the prime factors of 8392?
2, 1049
List the prime factors of 3630.
2, 3, 5, 11
What are the prime factors of 2609?
2609
What are the prime factors of 12031?
53, 227
List the prime factors of 8223.
3, 2741
List the prime factors of 25432.
2, 11, 17
What are the prime factors of 978?
2, 3, 163
What are the prime factors of 15464?
2, 1933
List the prime factors of 2939.
2939
List the prime factors of 322.
2, 7, 23
What are the prime factors of 11339?
17, 23, 29
What are the prime factors of 22553?
19, 1187
List the prime factors of 2534.
2, 7, 181
What are the prime factors of 1202?
2, 601
List the prime factors of 72498.
2, 3, 43, 281
What are the prime factors of 3298?
2, 17, 97
What are the prime factors of 75559?
11, 6869
What are the prime factors of 30447?
3, 17, 199
What are the prime factors of 2792?
2, 349
What are the prime factors of 3445?
5, 13, 53
List the prime factors of 1517.
37, 41
What are the prime factors of 39456?
2, 3, 137
List the prime factors of 669.
3, 223
List the prime factors of 115828.
2, 23, 1259
What are the prime factors of 117137?
41, 2857
List the prime factors of 4338.
2, 3, 241
List the prime factors of 1323.
3, 7
What are the prime factors of 851?
23, 37
What are the prime factors of 1782?
2, 3, 11
List the prime factors of 607.
607
What are the prime factors of 817?
19, 43
What are the prime factors of 1081?
23, 47
What are the prime factors of 6035?
5, 17, 71
What are the prime factors of 10408?
2, 1301
What are the prime factors of 2310?
2, 3, 5, 7, 11
What are the prime factors of 32145?
3, 5, 2143
List the prime factors of 1668.
2, 3, 139
List the prime factors of 1031.
1031
List the prime factors of 1792.
2, 7
List the prime factors of 3350.
2, 5, 67
What are the prime factors of 66910?
2, 5, 6691
List the prime factors of 14568.
2, 3, 607
List the prime factors of 1452.
2, 3, 11
List the prime factors of 3100.
2, 5, 31
What are the prime factors of 874?
2, 19, 23
List the prime factors of 1596.
2, 3, 7, 19
What are the prime factors of 46?
2, 23
What are the prime factors of 902?
2, 11, 41
What are the prime factors of 45462?
2, 3, 7577
What are the prime factors of 225?
3, 5
List the prime factors of 14106.
2, 3, 2351
List the prime factors of 11690.
2, 5, 7, 167
What are the prime factors of 9628?
2, 29, 83
List the prime factors of 1870.
2, 5, 11, 17
List the prime factors of 4564.
2, 7, 163
What are the prime factors of 133260?
2, 3, 5, 2221
What are the prime factors of 48977?
17, 43, 67
What are the prime factors of 1773?
3, 197
What are the prime factors of 1043?
7, 149
List the prime factors of 83145.
3, 5, 23, 241
What are the prime factors of 829?
829
List the prime factors of 47889.
3, 17, 313
What are the prime factors of 12268?
2, 3067
What are the prime factors of 319?
11, 29
What are the prime factors of 99203?
13, 587
What are the prime factors of 1765?
5, 353
List the prime factors of 3241.
7, 463
List the prime factors of 780.
2, 3, 5, 13
What are the prime factors of 18727?
61, 307
List the prime factors of 12982.
2, 6491
List the prime factors of 77489.
77489
List the prime factors of 26826.
2, 3, 17, 263
What are the prime factors of 1483?
1483
What are the prime factors of 2439?
3, 271
What are the prime factors of 29853?
3, 31, 107
List the prime factors of 3891.
3, 1297
What are the prime factors of 109205?
5, 21841
List the prime factors of 9398.
2, 37, 127
What are the prime factors of 2180?
2, 5, 109
List the prime factors of 19461.
3, 13, 499
List the prime factors of 134352.
2, 3, 311
What are the prime factors of 17?
17
What are the prime factors of 51976?
2, 73, 89
List the prime factors of 1019.
1019
What are the prime factors of 1939?
7, 277
What are the prime factors of 2418?
2, 3, 13, 31
What are the prime factors of 761?
761
What are the prime factors of 132913?
11, 43, 281
List the prime factors of 2165.
5, 433
List the prime factors of 1175.
5, 47
List the prime factors of 469.
7, 67
List the prime factors of 11095.
5, 7, 317
List the prime factors of 6071.
13, 467
List the prime factors of 38225.
5, 11, 139
What are the prime factors of 91286?
2, 13, 3511
What are the prime factors of 24728?
2, 11, 281
List the prime factors of 31234.
2, 7, 23, 97
List the prime factors of 2403.
3, 89
List the prime factors of 77884.
2, 19471
What are the prime factors of 26418?
2, 3, 7, 17, 37
List the prime factors of 1123.
1123
List the prime factors of 6587.
7, 941
What are the prime factors of 33669?
3, 29, 43
List the prime factors of 23732.
2, 17, 349
What are the prime factors of 1575?
3, 5, 7
What are the prime factors of 722?
2, 19
What are the prime factors of 4722?
2, 3, 787
List the prime factors of 77805.
3, 5, 7, 13, 19
List the prime factors of 7776.
2, 3
List the prime factors of 1320.
2, 3, 5, 11
List the prime factors of 7895.
5, 1579
What are the prime factors of 101148?
2, 3, 8429
What are the prime factors of 11150?
2, 5, 223
List the prime factors of 136.
2, 17
What are the prime factors of 344?
2, 43
What are the prime factors of 1166?
2, 11, 53
What are the prime factors of 610?
2, 5, 61
What are the prime factors of 95?
5, 19
What are the prime factors of 1745?
5, 349
What are the prime factors of 7408?
2, 463
List the prime factors of 95517.
3, 10613
What are the prime factors of 8251?
37, 223
What are the prime factors of 1597?
1597
What are the prime factors of 5623?
5623
What are the prime factors of 1157?
13, 89
What are the prime factors of 1005?
3, 5, 67
What are the prime factors of 17333?
17333
What are the prime factors of 16609?
17, 977
What are the prime factors of 19543?
19543
What are the prime factors of 95816?
2, 7, 29, 59
What are the prime factors of 11127?
3, 3709
List the prime factors of 1067.
11, 97
What are the prime factors of 17751?
3, 61, 97
List the prime factors of 1056.
2, 3, 11
List the prime factors of 1140.
2, 3, 5, 19
What are the prime factors of 56687?
56687
List the prime factors of 9436.
2, 7, 337
What are the prime factors of 5199?
3, 1733
List the prime factors of 1440.
2, 3, 5
List the prime factors of 52956.
2, 3, 1471
List the prime factors of 6146.
2, 7, 439
List the prime factors of 2360.
2, 5, 59
What are the prime factors of 1040?
2, 5, 13
List the prime factors of 456.
2, 3, 19
List the prime factors of 10733.
10733
What are the prime factors of 828?
2, 3, 23
List the prime factors of 731.
17, 43
List the prime factors of 30326.
2, 59, 257
List the prime factors of 110135.
5, 22027
What are the prime factors of 8225?
5, 7, 47
What are the prime factors of 3724?
2, 7, 19
List the prime factors of 909.
3, 101
List the prime factors of 14958.
2, 3, 277
What are the prime factors of 16798?
2, 37, 227
List the prime factors of 2723.
7, 389
What are the prime factors of 723?
3, 241
List the prime factors of 18259.
19, 31
What are the prime factors of 91160?
2, 5, 43, 53
List the prime factors of 41203.
41203
List the prime factors of 3928.
2, 491
What are the prime factors of 3918?
2, 3, 653
List the prime factors of 15490.
2, 5, 1549
List the prime factors of 2064.
2, 3, 43
What are the prime factors of 49301?
7, 7043
List the prime factors of 36738.
2, 3, 13, 157
List the prime factors of 26195.
5, 13, 31
What are the prime factors of 836?
2, 11, 19
What are the prime factors of 5984?
2, 11, 17
List the prime factors of 9000.
2, 3, 5
List the prime factors of 1202.
2, 601
What are the prime factors of 8854?
2, 19, 233
List the prime factors of 7829.
7829
List the prime factors of 705.
3, 5, 47
What are the prime factors of 5052?
2, 3, 421
List the prime factors of 14070.
2, 3, 5, 7, 67
List the prime fact